ctor of 2196 and 27267.
183
Calculate the highest common factor of 1732428 and 324.
324
What is the greatest common divisor of 219844 and 136?
68
Calculate the greatest common factor of 24 and 207312.
24
What is the greatest common divisor of 156 and 116652?
12
Calculate the greatest common divisor of 115955 and 420.
35
What is the highest common factor of 422884 and 21?
7
Calculate the highest common factor of 112 and 1036.
28
What is the highest common divisor of 2379 and 178608?
183
What is the greatest common divisor of 2466 and 3438?
18
What is the greatest common factor of 19 and 1162021?
19
What is the greatest common divisor of 8 and 386328?
8
Calculate the highest common factor of 30788 and 27692.
172
Calculate the greatest common factor of 2294 and 32338.
74
Calculate the greatest common factor of 592963 and 2639.
203
Calculate the greatest common factor of 801 and 5696.
89
What is the highest common divisor of 252 and 15246?
126
Calculate the highest common divisor of 822888 and 60.
12
What is the greatest common divisor of 810 and 1326510?
270
Calculate the highest common divisor of 1907045 and 927.
103
Calculate the greatest common factor of 135 and 24498.
9
Calculate the greatest common factor of 12 and 1198884.
12
What is the greatest common factor of 225 and 114350?
25
What is the greatest common divisor of 176 and 9427?
11
What is the highest common factor of 1093522 and 11957?
1087
Calculate the greatest common factor of 37526 and 232.
58
Calculate the highest common divisor of 85290 and 20.
10
What is the greatest common factor of 2896 and 248?
8
Calculate the greatest common divisor of 95237 and 2751.
131
Calculate the highest common factor of 126 and 392.
14
Calculate the greatest common divisor of 2443 and 8725.
349
Calculate the greatest common factor of 123 and 190937.
41
What is the greatest common factor of 31691 and 252791?
737
What is the highest common factor of 201199 and 692?
173
Calculate the greatest common factor of 6 and 4157430.
6
What is the highest common divisor of 2366501 and 71?
71
What is the greatest common divisor of 1876 and 374892?
28
Calculate the greatest common divisor of 742 and 1400.
14
What is the highest common divisor of 29047 and 1736?
31
What is the greatest common divisor of 668282 and 678?
226
What is the highest common divisor of 5868 and 1944?
36
Calculate the greatest common divisor of 13216 and 18774.
14
Calculate the greatest common divisor of 1650 and 3102.
66
Calculate the greatest common divisor of 907368 and 112.
56
What is the greatest common factor of 47056 and 29648?
272
What is the highest common factor of 30234 and 38?
2
Calculate the greatest common divisor of 300 and 309700.
100
Calculate the greatest common factor of 651 and 33108.
93
What is the greatest common divisor of 393624 and 252?
252
Calculate the highest common factor of 39 and 420537.
39
What is the greatest common divisor of 331250 and 53?
53
What is the highest common divisor of 84 and 54564?
12
Calculate the greatest common divisor of 7614 and 799.
47
Calculate the highest common divisor of 2640 and 3080.
440
Calculate the greatest common factor of 14115745 and 235.
235
What is the highest common factor of 936 and 1903005?
117
What is the highest common divisor of 2561 and 3349?
197
What is the highest common factor of 8853 and 26?
13
What is the greatest common divisor of 218603 and 154?
77
What is the greatest common divisor of 4520 and 25?
5
Calculate the greatest common factor of 90 and 38583.
9
Calculate the highest common divisor of 3149 and 611.
47
Calculate the highest common divisor of 299 and 194580.
23
What is the greatest common factor of 2400 and 869600?
800
What is the highest common factor of 176 and 24904?
88
Calculate the highest common factor of 1017 and 119893.
113
Calculate the highest common factor of 3555 and 241345.
395
What is the greatest common factor of 238206 and 74?
74
What is the highest common factor of 786 and 1048?
262
Calculate the highest common factor of 8 and 6611240.
8
What is the highest common factor of 6318 and 494?
26
Calculate the greatest common divisor of 339207 and 76.
19
Calculate the highest common factor of 4 and 62340.
4
Calculate the greatest common divisor of 147 and 144256.
49
What is the greatest common factor of 552 and 31492?
4
What is the highest common divisor of 208455 and 195?
195
Calculate the highest common divisor of 95 and 5149.
19
What is the highest common factor of 2341347 and 249?
249
Calculate the greatest common divisor of 3596 and 7440.
124
Calculate the highest common divisor of 62 and 15128.
62
What is the greatest common factor of 723480 and 360?
120
What is the highest common divisor of 23871 and 8760?
219
What is the greatest common factor of 12638 and 781?
71
Calculate the highest common factor of 522 and 61335.
261
What is the highest common divisor of 2603 and 15409?
19
What is the highest common divisor of 7092 and 17163?
9
Calculate the greatest common divisor of 101325 and 1050.
525
Calculate the greatest common factor of 92 and 68356.
92
Calculate the greatest common factor of 10 and 17854.
2
Calculate the highest common divisor of 242528 and 754.
26
What is the greatest common divisor of 291383 and 201?
67
What is the highest common factor of 1740 and 6060?
60
What is the highest common divisor of 2035755 and 9?
9
What is the highest common factor of 430 and 2654390?
430
Calculate the highest common factor of 390929 and 22.
11
Calculate the greatest common factor of 210 and 4260.
30
What is the highest common divisor of 11180 and 530620?
860
Calculate the highest common factor of 2023 and 203.
7
What is the greatest common factor of 1071 and 15232?
119
What is the highest common divisor of 960 and 81060?
60
What is the highest common divisor of 160 and 211700?
20
Calculate the greatest common factor of 55 and 37862.
11
What is the highest common factor of 4230000 and 96?
48
What is the highest common factor of 4156398 and 1692?
846
What is the highest common divisor of 4 and 323852?
4
Calculate the highest common factor of 115 and 805.
115
Calculate the greatest common factor of 1859 and 180661.
169
Calculate the greatest common factor of 29623 and 132.
11
What is the greatest common divisor of 4531 and 368?
23
What is the greatest common factor of 100251 and 1034?
47
Calculate the highest common divisor of 44 and 8866.
22
Calculate the greatest common divisor of 288022 and 2156.
98
Calculate the greatest common divisor of 10251 and 136.
17
Calculate the highest common divisor of 1266161 and 104.
13
What is the highest common divisor of 1536 and 1284?
12
What is the highest common divisor of 264 and 115126?
22
Calculate the greatest common factor of 19547 and 11.
11
What is the greatest common factor of 775569 and 6?
3
What is the highest common divisor of 74569 and 77?
11
Calculate the greatest common divisor of 209869 and 968.
11
What is the highest common divisor of 374341 and 22?
11
What is the highest common factor of 2216409 and 5304?
663
What is the greatest common divisor of 4 and 2407?
1
What is the highest common factor of 6 and 101862?
6
What is the greatest common factor of 14676 and 2004?
12
Calculate the greatest common factor of 102 and 1057842.
102
What is the greatest common factor of 196380 and 40?
20
What is the greatest common divisor of 228497 and 68?
17
What is the highest common divisor of 18 and 47568?
6
Calculate the highest common divisor of 32 and 840984.
8
Calculate the greatest common divisor of 31140 and 504.
36
What is the greatest common factor of 54515 and 60?
5
Calculate the greatest common divisor of 3172 and 4108.
52
What is the highest common divisor of 95634 and 62748?
378
What is the greatest common divisor of 58 and 202159?
29
Calculate the highest common factor of 24 and 61912.
8
Calculate the highest common divisor of 2171 and 3679.
13
Calculate the greatest common factor of 255 and 15.
15
What is the greatest common divisor of 1572 and 13476?
12
Calculate the highest common divisor of 35 and 789985.
35
What is the highest common factor of 2566 and 22?
2
What is the greatest common divisor of 5019 and 273?
21
Calculate the highest common divisor of 1474 and 4994.
22
Calculate t